 w - 21. Let f be b(10). Let t = -7 - f. Let q(g) = 9*g - 12. List the prime factors of q(t).
2, 3
Suppose -2*f + 216 = 2*q, -f + 2*q - 549 = -6*f. Suppose 4*h - h - f = 0. List the prime factors of h.
37
Let h = 33 + -37. List the prime factors of 0 + ((-4)/h - -15).
2
Let b(z) = z**2 + z - 3. Let a be b(-3). Suppose -s = a*s + 4*q - 780, -4*s = 3*q - 779. List the prime factors of s.
2, 97
Let s = 7 - -11. What are the prime factors of 2/4 - (-45)/s?
3
Let q be (-2)/(-8) - 3129/(-28). What are the prime factors of (-3)/(4/q*-6)?
2, 7
Let g = 133 + -72. Suppose 0 = 5*m - 4*t - 168, -m + t + 16 + 17 = 0. Let p = g - m. What are the prime factors of p?
5
Let r(s) = s**2 + 3*s + 1. Let y be r(-5). Suppose f = 13 - y. Suppose -w = f*w - 12. What are the prime factors of w?
2
Let v = -214 + 327. List the prime factors of v.
113
List the prime factors of 4111 - 1/(6*(-5)/(-150)).
2, 2053
Let w be ((-123)/1)/(23 + -26). Let o = -12 + w. List the prime factors of o.
29
Let w(z) = 20*z**3 - 2*z**2 - 2*z. Let c be w(2). Suppose 4*o = -0*o - c. Let p = -16 - o. List the prime factors of p.
3, 7
Let f(l) be the first derivative of 67*l**2 - 3*l - 8. What are the prime factors of f(1)?
131
Suppose 0 = 5*n + 2*d - 2, 0 = -4*n - d + 2*d - 1. Suppose 5*k - k + 36 = n. Let z = k + 12. List the prime factors of z.
3
Suppose -8*y - 1224 = -10*y. What are the prime factors of y?
2, 3, 17
Let o be 10/15*(-4383)/(-6). Let d = o + -239. What are the prime factors of d?
2, 31
Let u(p) = p**3 - 15*p**2 - 24*p + 8. Let r(x) = 17*x - 17. Let t be r(2). List the prime factors of u(t).
2, 89
Let v(m) = -m**3 - 7*m**2 - 3*m - 16. Let b be v(-7). Suppose 10*g = b*g + 280. What are the prime factors of g?
2, 7
Suppose -c + 311 = -5*l + 3069, -4*l + 2218 = 5*c. List the prime factors of l.
2, 3, 23
Suppose -10 = -3*y + i, -4*i + 1 - 15 = y. Let d = y + -2. Suppose 0 = -d*q - 3*q + 66. List the prime factors of q.
2, 11
Let u(h) = h**2 - 7*h + 12. Let q be u(13). Suppose -y = 5*p - q, -2*y + 3*y = -2*p + 96. What are the prime factors of y?
2, 5
Suppose 4*u + 5*c - 1105 = 0, -3*u - 6*c + 822 = -9*c. List the prime factors of u.
5, 11
Suppose 0 = -3*b + 2*g + 14 + 5, -4*b - 4*g + 12 = 0. Suppose -10 = b*j - 10*j. Suppose 0 = -3*q + j*d + 35, -q - 7 = -4*d - 32. List the prime factors of q.
3
Let b = 651 - 368. List the prime factors of b.
283
Let i be (1 + 6/(-4))*(38 + -44). Suppose -a - 2*b = -6*a + 151, 75 = i*a + 4*b. List the prime factors of a.
29
Let t be (-2 + -3 + 4)*-54. Let c = 180 - t. What are the prime factors of c?
2, 3, 7
Let w = 359 + -380. Let h(c) = c**2 + 6*c - 8. Let s be h(-6). Let q = s - w. List the prime factors of q.
13
What are the prime factors of (880/200)/((-8)/(-9340))?
11, 467
Suppose 0 = -0*m + 4*m - 1632. Suppose 3*c + m = 9*c. What are the prime factors of c?
2, 17
Let x be 0/(1*(-2 - -3)). Suppose x = -5*a + 3*a + 2. List the prime factors of (-3)/1 + a + 42.
2, 5
Suppose 1074 = 19*m - 17*m. List the prime factors of m.
3, 179
Suppose -2*g + k + 16 = 0, 0 = -0*g - 4*g - k + 20. Let t(j) = 7*j**2 + j + 7. Let y be t(6). Suppose -g*d + y = -d. What are the prime factors of d?
53
Suppose -3 = 3*b - 15. List the prime factors of 3/((-18)/b)*903/(-14).
43
Let d(h) = h**3 + 6*h**2 - 8*h - 18. Let b be d(-6). Suppose -6*z = -180 - b. What are the prime factors of z?
5, 7
Let w(v) = -38*v - 5. Let h(m) = -77*m - 11. Let b(d) = 4*h(d) - 9*w(d). List the prime factors of b(8).
3, 7, 13
Let q(z) = 6*z - 12. Let p(b) = b + 1. Let y(f) = -2*p(f) + q(f). List the prime factors of y(11).
2, 3, 5
Suppose c - 2 = 309. List the prime factors of c.
311
Suppose 0 = 5*i - 4*n - 381, -7 = n - 3. List the prime factors of i.
73
Suppose 10*f - 26*f + 56032 = 0. What are the prime factors of f?
2, 17, 103
Let u = 8 - 10. Suppose 2*o = -4*w - 8, 0 = 3*o - 5*w + 8*w. List the prime factors of -4 + o + u + 12.
2, 5
Let m = 180 + 182. List the prime factors of m.
2, 181
Let c = -59 + 116. Let o = c + -14. Suppose -3*q - 5*a + 11 = 0, 0*a - a = 4*q - o. List the prime factors of q.
2, 3
Let p(h) be the third derivative of h**5/60 + h**4/24 - h**3 + h**2. Let y be p(-8). Suppose 5*o - 2*t = y, 3*o - 31 = t - 0. What are the prime factors of o?
2, 3
Let v(i) = i**2 - 8*i - 31. List the prime factors of v(-13).
2, 11
List the prime factors of -24 + 414 - 1*4.
2, 193
Let l be (-16)/(-20) + (-84)/(-20). Suppose 4*o - l*o = -4. What are the prime factors of o?
2
Suppose 3*t = -0*t + 21. List the prime factors of (-6)/3 + 28 + t.
3, 11
Suppose -q - 2*q - 3*x + 420 = 0, -4*x = 3*q - 417. Suppose -5*u + q = 13. Suppose -2*v + u = -50. What are the prime factors of v?
2, 19
Let s = -35 - -47. What are the prime factors of (176/s)/((-2)/(-12))?
2, 11
Let k(t) = t**2 + t + 1. Let y be k(-3). Let h = y + -7. Suppose 2*d - 26 = -h*d. What are the prime factors of d?
13
Let t(x) = -x**3 + x + 211. Let h be t(0). Suppose 143 = -s + h. What are the prime factors of s?
2, 17
Suppose -21*f + 18*f + 111 = 0. Let y = 68 - f. List the prime factors of y.
31
Let s(h) = h**3 - 6*h**2 + 5*h + 3. Let z be s(5). Suppose 109 = g + 3*g - f, -z*g + f = -81. Let m = 54 - g. What are the prime factors of m?
2, 13
Suppose 16*g - 20*g = -4736. What are the prime factors of g?
2, 37
Let d(q) = -q**3 + 6*q**2 + 3. Let z be d(6). Suppose -s + z = -4. List the prime factors of s.
7
Suppose o - 102 = -5*p, -2*o - 3*p = p - 222. Suppose 193 + o = 5*g. List the prime factors of g.
2, 31
List the prime factors of (3 - -685)*(-1 - -2).
2, 43
Let w be (-12)/(-28) + 193/7. List the prime factors of 5/((-52)/w - -2).
5, 7
Let r(g) = 29*g**2 + 83*g + 19. List the prime factors of r(-11).
5, 523
What are the prime factors of (-22348)/(-10) - (-54)/270?
3, 5, 149
Suppose 4908 = 7*t + 5*t. List the prime factors of t.
409
Let j = 21 - 18. Let d = 2 - 0. Suppose j*w = 3*a + d*a - 125, -w = -3*a + 71. List the prime factors of a.
2, 11
Let b(x) = 3*x - 25. Let y be b(11). Let l = 34 + y. List the prime factors of l.
2, 3, 7
Let b(x) = -x + 11. Let l be b(8). Suppose y = l*g + 12, 2*y + 5*g - 10 = 3. Suppose z = y + 4. What are the prime factors of z?
13
Suppose -4*p = 20, 0 = 3*n + 4*p - 6*p - 2383. List the prime factors of n.
7, 113
Let n(d) = 34*d**2 - 67*d + 795. What are the prime factors of n(13)?
2, 3, 5, 7
Let q be 8/4 + -2 + 6. List the prime factors of (-1)/(-3) + (-64)/q*-10.
107
Suppose -12026 = -4*o + 3382. What are the prime factors of o?
2, 3, 107
Let p be (-1)/2 + 13/(260/(-6570)). Let g = -185 - p. What are the prime factors of g?
2, 3
Let v = -4 - -9. Let x(z) = -z - 1 - z - 226*z**2 + 233*z**2 - z**3 - 4. List the prime factors of x(v).
5, 7
Suppose -163*f = -159*f + y - 5726, -f = y - 1430. What are the prime factors of f?
2, 179
Let w = -375 - -920. What are the prime factors of w?
5, 109
Suppose -8*m - 2*m = 20. List the prime factors of 930/5 - (-10)/m.
181
What are the prime factors of 317024/144 + (-4)/(-9)?
2, 3, 367
Let o be 72/(-32)*64/(-3). Let r = -3 - 5. List the prime factors of (-66)/r + (-12)/o.
2
Let v be 2/14 - 109187/(-91). Suppose 2*q = 10*q - v. List the prime factors of q.
2, 3, 5
Let g be 0/(2*(-1)/2). Suppose 5*h + 21 - 61 = g. Suppose m - 27 = -h. What are the prime factors of m?
19
Suppose 0 = 4*w + 40 + 264. Let n = w - -137. List the prime factors of n.
61
Let y(l) be the second derivative of -1/4*l**4 + 0*l**2 - 10*l + 0 - 1/20*l**5 + 7/6*l**3. List the prime factors of y(-6).
2, 3, 11
Let f = -32 - -53. Let c = -19 + f. What are the prime factors of c?
2
Suppose -4*v + 0 = -8. Suppose -992 = -6*y - v*y. List the prime factors of y.
2, 31
Let d = 59 + -47. What are the prime factors of (d/(-10))/((-1)/(-18))*-10?
2, 3
Suppose -68 = -6*u + 148. Let q = u - 37. Let c(y) = 37*y**2 - y - 2. List the prime factors of c(q).
2, 3
Let f be (-43938)/(-162) + 14/18 + -1. Let t = -123 + f. List the prime factors of t.
2, 37
Let l be 41/(-246) + (926/12 - -1). Let f = l + 126. What are the prime factors of f?
2, 3, 17
Suppose 4*j = 2*j + 32. What are the prime factors of (2 - j/6) + (-338)/(-3)?
2, 7
Let d be -1 + 2 + 3*8. Suppose -100 = -3*k + 29. Let r = k - d. List the prime factors of r.
2, 3
Suppose 6*b = -y + 2*b - 59, 107 = -2*y + 3*b. Let h = -40 - y. What are the prime fact